{"id":7240,"date":"2015-06-13T21:10:20","date_gmt":"2015-06-13T21:10:20","guid":{"rendered":"http:\/\/www.cua.edu.co\/web3\/?page_id=7240"},"modified":"2016-05-17T20:50:28","modified_gmt":"2016-05-18T01:50:28","slug":"proyeccion-laboral","status":"publish","type":"page","link":"https:\/\/cua.edu.co\/web3\/page-builder\/proyeccion-laboral\/","title":{"rendered":"Proyecci\u00f3n Laboral"},"content":{"rendered":"[vc_row][vc_column][vc_column_text]\n<h3><strong><span style=\"font-family: 'Arial','sans-serif'; color: #333333;\">\u00bf Que es la Practica Laboral ?<\/span><\/strong><\/h3>\n<p style=\"text-align: justify;\"><span style=\"font-family: 'Arial','sans-serif'; color: #333333;\">La <strong><span style=\"font-family: 'Arial','sans-serif'; color: #333333;\">Corporaci\u00f3n Universal de los Andes<\/span><\/strong>,<span style=\"font-family: 'Arial','sans-serif'; color: #333333;\"> cuenta con la oficina de <strong><span style=\"font-family: 'Arial','sans-serif'; color: #333333;\">Empleabilidad, <\/span><\/strong><span style=\"font-family: 'Arial','sans-serif'; color: #333333;\">\u00e1rea encargada de recibir las hojas de vida de nuestros estudiantes con el objetivo de brindar experiencias\u00a0memorables al proceso de la\u00a0etapa productiva donde incursionan por primera vez al mundo laboral, gestionado diferentes escenarios de practica donde se aplicaran todos sus conocimientos adquiridos en el proceso de formaci\u00f3n.<\/span><\/span><\/span><\/p>\n<p><strong><span style=\"font-family: 'Arial','sans-serif'; color: #333333;\">\u00a0 \u00a0 \u00a0 Modalida<a href=\"http:\/\/www.cua.edu.co\/web3\/wp-content\/uploads\/2015\/06\/proyeccion-laboral1.jpg\"><img decoding=\"async\" loading=\"lazy\" class=\"wp-image-7693 alignleft\" src=\"data:image\/gif;base64,R0lGODdhAQABAPAAAP\/\/\/wAAACwAAAAAAQABAEACAkQBADs=\" data-lazy-src=\"http:\/\/www.cua.edu.co\/web3\/wp-content\/uploads\/2015\/06\/proyeccion-laboral1.jpg\" alt=\"\" width=\"341\" height=\"227\" \/><noscript><img decoding=\"async\" loading=\"lazy\" class=\"wp-image-7693 alignleft\" src=\"http:\/\/www.cua.edu.co\/web3\/wp-content\/uploads\/2015\/06\/proyeccion-laboral1.jpg\" alt=\"\" width=\"341\" height=\"227\" \/><\/noscript><\/a>des :<\/span><\/strong><\/p>\n<p style=\"text-align: justify; padding-left: 90px;\"><span style=\"font-family: 'Arial','sans-serif'; color: #333333;\">Para desarrollar la etapa productiva la instituci\u00f3n cuenta con tres modalidades:\u00a0contrato de <span class=\"il\">pr\u00e1ctica<\/span> empresarial como pasante, plan de mejoramiento empresarial y contrato de <span class=\"il\">pr\u00e1ctica<\/span> como aprendiz* (*el cual aplica a tres programas, auxiliar dise\u00f1o gr\u00e1fico\u00a0, auxiliar administrativo y asistente contable).<\/span><\/p>\n<p style=\"text-align: justify;\"><span style=\"font-family: 'Arial','sans-serif'; color: #333333;\">El estudiante puede cumplir su etapa productiva en cualquiera de estas modalidades, considerando que la etapa productiva es un requisito obligatorio para obtener el certificado como t\u00e9cnico laboral.<\/span><\/p>\n<p style=\"text-align: justify;\"><span style=\"font-family: 'Arial','sans-serif'; color: #333333;\">Actualmente la instituci\u00f3n tiene convenios de <span class=\"il\"><span style=\"font-family: 'Arial','sans-serif'; color: #333333;\">pr\u00e1ctica<\/span><span style=\"font-family: 'Arial','sans-serif'; color: #333333;\"> empresarial con diferentes empresas, sin embargo la solicitud de practicantes o aprendices lo determinan las empresas de acuerdo a sus necesidades enmarcadas en la oferta y demanda del sector productivo, hay programas que tienen mayor demanda para <span class=\"il\">pr\u00e1cticas<\/span><span style=\"font-family: 'Arial','sans-serif'; color: #333333;\"> que otros programas.<\/span><\/span><\/span><\/span><\/p>\n<p style=\"text-align: justify;\"><strong><span style=\"font-family: 'Arial','sans-serif'; color: #333333;\">Objetivo :<\/span><\/strong><\/p>\n<p style=\"text-align: justify;\"><span style=\"font-family: 'Arial','sans-serif'; color: #333333;\">Adquirir experiencia laboral<\/span><\/p>\n<p style=\"text-align: justify;\"><strong><span style=\"font-family: 'Arial','sans-serif'; color: #333333;\">Beneficios :<\/span><\/strong><\/p>\n<p style=\"text-align: justify;\"><span style=\"font-family: 'Arial','sans-serif'; color: #333333;\">1.Aplicar los conocimientos adquiridos en la etapa de formaci\u00f3n<br \/>\n2.Mejorar tu hoja de vida y Adquirir experiencia<br \/>\n3.Recibir una cuota de sostenimiento del 100 % SMMLV* ( Programas con reconocimiento Sena )<br \/>\n4.Recibir Auxilio de Trasporte<\/span><\/p>\n<p style=\"text-align: justify;\"><span style=\"font-family: 'Arial','sans-serif'; color: #333333;\">Para el estudiante que quiera aplicar como aprendiz, la Direcci\u00f3n Acad\u00e9mica\u00a0le ofrece la posibilidad de obtener la doble titulaci\u00f3n en alguno de los programas (Asistente contable y Auxiliar Administrativo), y se le reconoce los m\u00f3dulos en com\u00fan del programa ya cursado. De esta manera y bajo la doble titulaci\u00f3n puede realizar etapa productiva como aprendiz<\/span><\/p>\n<p style=\"text-align: justify;\"><span style=\"font-family: 'Arial','sans-serif'; color: #333333;\">As\u00ed mismo los estudiantes tambi\u00e9n pueden gestionar sitios de <span class=\"il\">pr\u00e1ctica<\/span>, donde la instituci\u00f3n env\u00eda los documentos pertinentes a su vinculaci\u00f3n para <span class=\"il\">pr\u00e1ctica<\/span> empresarial como pasante o aprendiz.<\/span><\/p>\n<p style=\"text-align: justify;\"><span style=\"font-family: 'Arial','sans-serif'; color: #333333;\">Es importante aplicar para la opci\u00f3n de plan de mejoramiento empresarial, en el caso que el estudiante no se haya vinculado a empresa alguna, pues seg\u00fan las estad\u00edsticas del SENA, a nivel nacional s\u00f3lo el 42%<span style=\"font-size: small;\"><sup>1<\/sup><\/span><\/span><span style=\"font-family: 'Arial','sans-serif'; color: #333333;\"> de los estudiantes matriculados como aprendices y\/o practicantes se vinculan con empresas. Y cumplir con la etapa productiva es un requisito de certificaci\u00f3n donde el estudiante es responsable de cumplir este proceso<\/span><\/p>\n<p><a href=\"http:\/\/www.cua.edu.co\/web3\/wp-content\/uploads\/2015\/06\/GA-R-044-HOJA_DE_VIDA_CUA.doc\"><img decoding=\"async\" loading=\"lazy\" class=\"size-full wp-image-7247 aligncenter\" src=\"data:image\/gif;base64,R0lGODdhAQABAPAAAP\/\/\/wAAACwAAAAAAQABAEACAkQBADs=\" data-lazy-src=\"http:\/\/www.cua.edu.co\/web3\/wp-content\/uploads\/2015\/06\/curriculum.jpg\" alt=\"curriculum\" width=\"220\" height=\"267\" data-lazy-srcset=\"https:\/\/cua.edu.co\/web3\/wp-content\/uploads\/2015\/06\/curriculum-41x50.jpg 41w, https:\/\/cua.edu.co\/web3\/wp-content\/uploads\/2015\/06\/curriculum-58x70.jpg 58w, https:\/\/cua.edu.co\/web3\/wp-content\/uploads\/2015\/06\/curriculum-120x146.jpg 120w, https:\/\/cua.edu.co\/web3\/wp-content\/uploads\/2015\/06\/curriculum.jpg 220w\" data-lazy-sizes=\"(max-width: 220px) 100vw, 220px\" \/><noscript><img decoding=\"async\" loading=\"lazy\" class=\"size-full wp-image-7247 aligncenter\" src=\"http:\/\/www.cua.edu.co\/web3\/wp-content\/uploads\/2015\/06\/curriculum.jpg\" alt=\"curriculum\" width=\"220\" height=\"267\" srcset=\"https:\/\/cua.edu.co\/web3\/wp-content\/uploads\/2015\/06\/curriculum-41x50.jpg 41w, https:\/\/cua.edu.co\/web3\/wp-content\/uploads\/2015\/06\/curriculum-58x70.jpg 58w, https:\/\/cua.edu.co\/web3\/wp-content\/uploads\/2015\/06\/curriculum-120x146.jpg 120w, https:\/\/cua.edu.co\/web3\/wp-content\/uploads\/2015\/06\/curriculum.jpg 220w\" sizes=\"(max-width: 220px) 100vw, 220px\" \/><\/noscript><\/a>[\/vc_column_text][\/vc_column][\/vc_row]\n","protected":false},"excerpt":{"rendered":"<p>[vc_row][vc_column][vc_column_text] \u00bf Que es la Practica Laboral ? La Corporaci\u00f3n Universal de los Andes, cuenta con la oficina de Empleabilidad, \u00e1rea encargada de recibir las hojas de vida de nuestros estudiantes con el objetivo de brindar experiencias\u00a0memorables al proceso de la\u00a0etapa productiva donde incursionan por primera vez al mundo laboral, gestionado diferentes escenarios de practica [&hellip;]<\/p>\n","protected":false},"author":1,"featured_media":0,"parent":1418,"menu_order":4,"comment_status":"open","ping_status":"closed","template":"","meta":{"_joinchat":[]},"yoast_head":"<!-- This site is optimized with the Yoast SEO plugin v20.3 - https:\/\/yoast.com\/wordpress\/plugins\/seo\/ -->\n<title>Proyecci\u00f3n Laboral - CUA<\/title>\n<meta name=\"robots\" content=\"index, follow, max-snippet:-1, max-image-preview:large, max-video-preview:-1\" \/>\n<link rel=\"canonical\" href=\"https:\/\/cua.edu.co\/web3\/page-builder\/proyeccion-laboral\/\" \/>\n<meta property=\"og:locale\" content=\"es_ES\" \/>\n<meta property=\"og:type\" content=\"article\" \/>\n<meta property=\"og:title\" content=\"Proyecci\u00f3n Laboral - CUA\" \/>\n<meta property=\"og:description\" content=\"[vc_row][vc_column][vc_column_text] \u00bf Que es la Practica Laboral ? La Corporaci\u00f3n Universal de los Andes, cuenta con la oficina de Empleabilidad, \u00e1rea encargada de recibir las hojas de vida de nuestros estudiantes con el objetivo de brindar experiencias\u00a0memorables al proceso de la\u00a0etapa productiva donde incursionan por primera vez al mundo laboral, gestionado diferentes escenarios de practica [&hellip;]\" \/>\n<meta property=\"og:url\" content=\"https:\/\/cua.edu.co\/web3\/page-builder\/proyeccion-laboral\/\" \/>\n<meta property=\"og:site_name\" content=\"CUA\" \/>\n<meta property=\"article:modified_time\" content=\"2016-05-18T01:50:28+00:00\" \/>\n<meta property=\"og:image\" content=\"http:\/\/www.cua.edu.co\/web3\/wp-content\/uploads\/2015\/06\/proyeccion-laboral1.jpg\" \/>\n<meta name=\"twitter:card\" content=\"summary_large_image\" \/>\n<meta name=\"twitter:label1\" content=\"Tiempo de lectura\" \/>\n\t<meta name=\"twitter:data1\" content=\"2 minutos\" \/>\n<script type=\"application\/ld+json\" class=\"yoast-schema-graph\">{\"@context\":\"https:\/\/schema.org\",\"@graph\":[{\"@type\":\"WebPage\",\"@id\":\"https:\/\/cua.edu.co\/web3\/page-builder\/proyeccion-laboral\/\",\"url\":\"https:\/\/cua.edu.co\/web3\/page-builder\/proyeccion-laboral\/\",\"name\":\"Proyecci\u00f3n Laboral - CUA\",\"isPartOf\":{\"@id\":\"https:\/\/cua.edu.co\/web3\/#website\"},\"datePublished\":\"2015-06-13T21:10:20+00:00\",\"dateModified\":\"2016-05-18T01:50:28+00:00\",\"breadcrumb\":{\"@id\":\"https:\/\/cua.edu.co\/web3\/page-builder\/proyeccion-laboral\/#breadcrumb\"},\"inLanguage\":\"es\",\"potentialAction\":[{\"@type\":\"ReadAction\",\"target\":[\"https:\/\/cua.edu.co\/web3\/page-builder\/proyeccion-laboral\/\"]}]},{\"@type\":\"BreadcrumbList\",\"@id\":\"https:\/\/cua.edu.co\/web3\/page-builder\/proyeccion-laboral\/#breadcrumb\",\"itemListElement\":[{\"@type\":\"ListItem\",\"position\":1,\"name\":\"Portada\",\"item\":\"https:\/\/cua.edu.co\/web3\/\"},{\"@type\":\"ListItem\",\"position\":2,\"name\":\"La Instituci\u00f3n\",\"item\":\"https:\/\/cua.edu.co\/web3\/page-builder\/\"},{\"@type\":\"ListItem\",\"position\":3,\"name\":\"Proyecci\u00f3n Laboral\"}]},{\"@type\":\"WebSite\",\"@id\":\"https:\/\/cua.edu.co\/web3\/#website\",\"url\":\"https:\/\/cua.edu.co\/web3\/\",\"name\":\"CUA\",\"description\":\"\",\"potentialAction\":[{\"@type\":\"SearchAction\",\"target\":{\"@type\":\"EntryPoint\",\"urlTemplate\":\"https:\/\/cua.edu.co\/web3\/?s={search_term_string}\"},\"query-input\":\"required name=search_term_string\"}],\"inLanguage\":\"es\"}]}<\/script>\n<!-- \/ Yoast SEO plugin. -->","yoast_head_json":{"title":"Proyecci\u00f3n Laboral - CUA","robots":{"index":"index","follow":"follow","max-snippet":"max-snippet:-1","max-image-preview":"max-image-preview:large","max-video-preview":"max-video-preview:-1"},"canonical":"https:\/\/cua.edu.co\/web3\/page-builder\/proyeccion-laboral\/","og_locale":"es_ES","og_type":"article","og_title":"Proyecci\u00f3n Laboral - CUA","og_description":"[vc_row][vc_column][vc_column_text] \u00bf Que es la Practica Laboral ? La Corporaci\u00f3n Universal de los Andes, cuenta con la oficina de Empleabilidad, \u00e1rea encargada de recibir las hojas de vida de nuestros estudiantes con el objetivo de brindar experiencias\u00a0memorables al proceso de la\u00a0etapa productiva donde incursionan por primera vez al mundo laboral, gestionado diferentes escenarios de practica [&hellip;]","og_url":"https:\/\/cua.edu.co\/web3\/page-builder\/proyeccion-laboral\/","og_site_name":"CUA","article_modified_time":"2016-05-18T01:50:28+00:00","og_image":[{"url":"http:\/\/www.cua.edu.co\/web3\/wp-content\/uploads\/2015\/06\/proyeccion-laboral1.jpg"}],"twitter_card":"summary_large_image","twitter_misc":{"Tiempo de lectura":"2 minutos"},"schema":{"@context":"https:\/\/schema.org","@graph":[{"@type":"WebPage","@id":"https:\/\/cua.edu.co\/web3\/page-builder\/proyeccion-laboral\/","url":"https:\/\/cua.edu.co\/web3\/page-builder\/proyeccion-laboral\/","name":"Proyecci\u00f3n Laboral - CUA","isPartOf":{"@id":"https:\/\/cua.edu.co\/web3\/#website"},"datePublished":"2015-06-13T21:10:20+00:00","dateModified":"2016-05-18T01:50:28+00:00","breadcrumb":{"@id":"https:\/\/cua.edu.co\/web3\/page-builder\/proyeccion-laboral\/#breadcrumb"},"inLanguage":"es","potentialAction":[{"@type":"ReadAction","target":["https:\/\/cua.edu.co\/web3\/page-builder\/proyeccion-laboral\/"]}]},{"@type":"BreadcrumbList","@id":"https:\/\/cua.edu.co\/web3\/page-builder\/proyeccion-laboral\/#breadcrumb","itemListElement":[{"@type":"ListItem","position":1,"name":"Portada","item":"https:\/\/cua.edu.co\/web3\/"},{"@type":"ListItem","position":2,"name":"La Instituci\u00f3n","item":"https:\/\/cua.edu.co\/web3\/page-builder\/"},{"@type":"ListItem","position":3,"name":"Proyecci\u00f3n Laboral"}]},{"@type":"WebSite","@id":"https:\/\/cua.edu.co\/web3\/#website","url":"https:\/\/cua.edu.co\/web3\/","name":"CUA","description":"","potentialAction":[{"@type":"SearchAction","target":{"@type":"EntryPoint","urlTemplate":"https:\/\/cua.edu.co\/web3\/?s={search_term_string}"},"query-input":"required name=search_term_string"}],"inLanguage":"es"}]}},"_links":{"self":[{"href":"https:\/\/cua.edu.co\/web3\/wp-json\/wp\/v2\/pages\/7240"}],"collection":[{"href":"https:\/\/cua.edu.co\/web3\/wp-json\/wp\/v2\/pages"}],"about":[{"href":"https:\/\/cua.edu.co\/web3\/wp-json\/wp\/v2\/types\/page"}],"author":[{"embeddable":true,"href":"https:\/\/cua.edu.co\/web3\/wp-json\/wp\/v2\/users\/1"}],"replies":[{"embeddable":true,"href":"https:\/\/cua.edu.co\/web3\/wp-json\/wp\/v2\/comments?post=7240"}],"version-history":[{"count":16,"href":"https:\/\/cua.edu.co\/web3\/wp-json\/wp\/v2\/pages\/7240\/revisions"}],"predecessor-version":[{"id":7891,"href":"https:\/\/cua.edu.co\/web3\/wp-json\/wp\/v2\/pages\/7240\/revisions\/7891"}],"up":[{"embeddable":true,"href":"https:\/\/cua.edu.co\/web3\/wp-json\/wp\/v2\/pages\/1418"}],"wp:attachment":[{"href":"https:\/\/cua.edu.co\/web3\/wp-json\/wp\/v2\/media?parent=7240"}],"curies":[{"name":"wp","href":"https:\/\/api.w.org\/{rel}","templated":true}]}}