{"id":6931,"date":"2015-06-04T23:58:08","date_gmt":"2015-06-04T23:58:08","guid":{"rendered":"http:\/\/www.cua.edu.co\/web3\/?page_id=6931"},"modified":"2018-01-26T11:01:58","modified_gmt":"2018-01-26T16:01:58","slug":"dibujo-y-artes-graficas","status":"publish","type":"page","link":"https:\/\/cua.edu.co\/web3\/pages\/faq\/dibujo-y-artes-graficas\/","title":{"rendered":"Auxiliar en Dise\u00f1o Gr\u00e1fico"},"content":{"rendered":"[vc_row][vc_column]<div id=\"ultimate-heading-773469f4616819108\" class=\"uvc-heading ult-adjust-bottom-margin ultimate-heading-773469f4616819108 uvc-2978 \" data-hspacer=\"no_spacer\"  data-halign=\"center\" style=\"text-align:center\"><div class=\"uvc-heading-spacer no_spacer\" style=\"top\"><\/div><div class=\"uvc-sub-heading ult-responsive\"  data-ultimate-target='.uvc-heading.ultimate-heading-773469f4616819108 .uvc-sub-heading '  data-responsive-json-new='{\"font-size\":\"\",\"line-height\":\"\"}'  style=\"font-weight:normal;\"><img decoding=\"async\" loading=\"lazy\" class=\"alignnone size-full wp-image-8169\" src=\"data:image\/gif;base64,R0lGODdhAQABAPAAAP\/\/\/wAAACwAAAAAAQABAEACAkQBADs=\" data-lazy-src=\"http:\/\/www.cua.edu.co\/web3\/wp-content\/uploads\/2016\/06\/dise\u00f1o-grafico.png\" alt=\"dise\u00f1o grafico\" width=\"1356\" height=\"354\" data-lazy-srcset=\"https:\/\/cua.edu.co\/web3\/wp-content\/uploads\/2016\/06\/dise\u00f1o-grafico-200x52.png 200w, https:\/\/cua.edu.co\/web3\/wp-content\/uploads\/2016\/06\/dise\u00f1o-grafico-400x104.png 400w, https:\/\/cua.edu.co\/web3\/wp-content\/uploads\/2016\/06\/dise\u00f1o-grafico-600x157.png 600w, https:\/\/cua.edu.co\/web3\/wp-content\/uploads\/2016\/06\/dise\u00f1o-grafico-800x209.png 800w, https:\/\/cua.edu.co\/web3\/wp-content\/uploads\/2016\/06\/dise\u00f1o-grafico-1200x313.png 1200w, https:\/\/cua.edu.co\/web3\/wp-content\/uploads\/2016\/06\/dise\u00f1o-grafico.png 1356w\" data-lazy-sizes=\"(max-width: 1356px) 100vw, 1356px\" \/><noscript><img decoding=\"async\" loading=\"lazy\" class=\"alignnone size-full wp-image-8169\" src=\"http:\/\/www.cua.edu.co\/web3\/wp-content\/uploads\/2016\/06\/dise\u00f1o-grafico.png\" alt=\"dise\u00f1o grafico\" width=\"1356\" height=\"354\" srcset=\"https:\/\/cua.edu.co\/web3\/wp-content\/uploads\/2016\/06\/dise\u00f1o-grafico-200x52.png 200w, https:\/\/cua.edu.co\/web3\/wp-content\/uploads\/2016\/06\/dise\u00f1o-grafico-400x104.png 400w, https:\/\/cua.edu.co\/web3\/wp-content\/uploads\/2016\/06\/dise\u00f1o-grafico-600x157.png 600w, https:\/\/cua.edu.co\/web3\/wp-content\/uploads\/2016\/06\/dise\u00f1o-grafico-800x209.png 800w, https:\/\/cua.edu.co\/web3\/wp-content\/uploads\/2016\/06\/dise\u00f1o-grafico-1200x313.png 1200w, https:\/\/cua.edu.co\/web3\/wp-content\/uploads\/2016\/06\/dise\u00f1o-grafico.png 1356w\" sizes=\"(max-width: 1356px) 100vw, 1356px\" \/><\/noscript><\/div><\/div>[\/vc_column][\/vc_row][vc_row][vc_column width=\u00bb1\/2&#8243;][vc_empty_space][vc_column_text]<strong><span style=\"font-family: 'Arial','sans-serif'; color: #333333;\">Duraci\u00f3n :<\/span><\/strong><span style=\"font-family: 'Arial','sans-serif'; color: #333333;\"> 18 meses ( 3 niveles )<\/span><\/p>\n<p><strong><span style=\"font-family: 'Arial','sans-serif'; color: #333333;\">Certificado que otorga :<\/span><\/strong><span style=\"font-family: 'Arial','sans-serif'; color: #333333;\"> Certificado de Aptitud Ocupacional de T\u00e9cnico Laboral por Competencias en Auxiliar en Dise\u00f1o Gr\u00e1fico<\/span><\/p>\n<p style=\"text-align: justify;\"><strong><span style=\"font-family: 'Arial','sans-serif'; color: #333333;\">Perfil Ocupacional :<\/span><\/strong><span style=\"font-family: 'Arial','sans-serif'; color: #333333;\"> Apoya y asiste en lo que se refiere a Dise\u00f1o Gr\u00e1fico y Publicidad, como son presentaci\u00f3n de acabados en piezas gr\u00e1ficas: volantes, vallas, plegables, afiches, entre otros, participando en la pre-producci\u00f3n, bocetaci\u00f3n y resultado final de un producto visual.<\/span><\/p>\n<ul>\n<li><span style=\"font-family: 'Arial','sans-serif'; color: #333333;\">ASISTENTE EN PRODUCCIONES VISUALES<\/span><\/li>\n<li><span style=\"font-family: 'Arial','sans-serif'; color: #333333;\">ASISTENTE EN LA EXHIBICI\u00d3N EXTERIOR DE UN PRODUCTO<\/span><\/li>\n<li><span style=\"font-family: 'Arial','sans-serif'; color: #333333;\">ASISTENTE PREPARACI\u00d3N DE CAMPA\u00d1AS PUBLICITARIAS<\/span><\/li>\n<li><span style=\"font-family: 'Arial','sans-serif'; color: #333333;\">DESEMPE\u00d1O CAMPO DIGITAL &#8211; LENGUAJE VISUAL<\/span><\/li>\n<\/ul>\n<p>&nbsp;<\/p>\n<p><strong><span style=\"font-family: 'Arial','sans-serif'; color: #333333;\">P\u00e9nsum Acad\u00e9mico :<\/span><\/strong><\/p>\n<p><img decoding=\"async\" loading=\"lazy\" class=\"alignnone size-full wp-image-8313\" src=\"data:image\/gif;base64,R0lGODdhAQABAPAAAP\/\/\/wAAACwAAAAAAQABAEACAkQBADs=\" data-lazy-src=\"http:\/\/www.cua.edu.co\/web3\/wp-content\/uploads\/2018\/01\/plantilla-dise\u00f1o-grafico.jpg\" alt=\"plantilla dise\u00f1o grafico\" width=\"602\" height=\"290\" data-lazy-srcset=\"https:\/\/cua.edu.co\/web3\/wp-content\/uploads\/2018\/01\/plantilla-dise\u00f1o-grafico-200x96.jpg 200w, https:\/\/cua.edu.co\/web3\/wp-content\/uploads\/2018\/01\/plantilla-dise\u00f1o-grafico-400x193.jpg 400w, https:\/\/cua.edu.co\/web3\/wp-content\/uploads\/2018\/01\/plantilla-dise\u00f1o-grafico-600x289.jpg 600w, https:\/\/cua.edu.co\/web3\/wp-content\/uploads\/2018\/01\/plantilla-dise\u00f1o-grafico.jpg 602w\" data-lazy-sizes=\"(max-width: 602px) 100vw, 602px\" \/><noscript><img decoding=\"async\" loading=\"lazy\" class=\"alignnone size-full wp-image-8313\" src=\"http:\/\/www.cua.edu.co\/web3\/wp-content\/uploads\/2018\/01\/plantilla-dise\u00f1o-grafico.jpg\" alt=\"plantilla dise\u00f1o grafico\" width=\"602\" height=\"290\" srcset=\"https:\/\/cua.edu.co\/web3\/wp-content\/uploads\/2018\/01\/plantilla-dise\u00f1o-grafico-200x96.jpg 200w, https:\/\/cua.edu.co\/web3\/wp-content\/uploads\/2018\/01\/plantilla-dise\u00f1o-grafico-400x193.jpg 400w, https:\/\/cua.edu.co\/web3\/wp-content\/uploads\/2018\/01\/plantilla-dise\u00f1o-grafico-600x289.jpg 600w, https:\/\/cua.edu.co\/web3\/wp-content\/uploads\/2018\/01\/plantilla-dise\u00f1o-grafico.jpg 602w\" sizes=\"(max-width: 602px) 100vw, 602px\" \/><\/noscript>[\/vc_column_text][\/vc_column][vc_column width=\u00bb1\/2&#8243;][vc_empty_space][vc_video link=\u00bbhttps:\/\/youtu.be\/RQ_4F4b5eP4&#8243;][vc_widget_sidebar sidebar_id=\u00bbcs-2&#8243;][\/vc_column][\/vc_row]\n","protected":false},"excerpt":{"rendered":"<p>[vc_row][vc_column][\/vc_column][\/vc_row][vc_row][vc_column width=\u00bb1\/2&#8243;][vc_empty_space][vc_column_text]Duraci\u00f3n : 18 meses ( 3 niveles ) Certificado que otorga : Certificado de Aptitud Ocupacional de T\u00e9cnico Laboral por Competencias en Auxiliar en Dise\u00f1o Gr\u00e1fico Perfil Ocupacional : Apoya y asiste en lo que se refiere a Dise\u00f1o Gr\u00e1fico y Publicidad, como son presentaci\u00f3n de acabados en piezas gr\u00e1ficas: volantes, vallas, plegables, afiches, [&hellip;]<\/p>\n","protected":false},"author":1,"featured_media":0,"parent":3446,"menu_order":1,"comment_status":"open","ping_status":"closed","template":"","meta":{"_joinchat":[]},"yoast_head":"<!-- This site is optimized with the Yoast SEO plugin v20.3 - https:\/\/yoast.com\/wordpress\/plugins\/seo\/ -->\n<title>Auxiliar en Dise\u00f1o Gr\u00e1fico - CUA<\/title>\n<meta name=\"robots\" content=\"index, follow, max-snippet:-1, max-image-preview:large, max-video-preview:-1\" \/>\n<link rel=\"canonical\" href=\"https:\/\/cua.edu.co\/web3\/pages\/faq\/dibujo-y-artes-graficas\/\" \/>\n<meta property=\"og:locale\" content=\"es_ES\" \/>\n<meta property=\"og:type\" content=\"article\" \/>\n<meta property=\"og:title\" content=\"Auxiliar en Dise\u00f1o Gr\u00e1fico - CUA\" \/>\n<meta property=\"og:description\" content=\"[vc_row][vc_column][\/vc_column][\/vc_row][vc_row][vc_column width=\u00bb1\/2&#8243;][vc_empty_space][vc_column_text]Duraci\u00f3n : 18 meses ( 3 niveles ) Certificado que otorga : Certificado de Aptitud Ocupacional de T\u00e9cnico Laboral por Competencias en Auxiliar en Dise\u00f1o Gr\u00e1fico Perfil Ocupacional : Apoya y asiste en lo que se refiere a Dise\u00f1o Gr\u00e1fico y Publicidad, como son presentaci\u00f3n de acabados en piezas gr\u00e1ficas: volantes, vallas, plegables, afiches, [&hellip;]\" \/>\n<meta property=\"og:url\" content=\"https:\/\/cua.edu.co\/web3\/pages\/faq\/dibujo-y-artes-graficas\/\" \/>\n<meta property=\"og:site_name\" content=\"CUA\" \/>\n<meta property=\"article:modified_time\" content=\"2018-01-26T16:01:58+00:00\" \/>\n<meta name=\"twitter:card\" content=\"summary_large_image\" \/>\n<meta name=\"twitter:label1\" content=\"Tiempo de lectura\" \/>\n\t<meta name=\"twitter:data1\" content=\"1 minuto\" \/>\n<script type=\"application\/ld+json\" class=\"yoast-schema-graph\">{\"@context\":\"https:\/\/schema.org\",\"@graph\":[{\"@type\":\"WebPage\",\"@id\":\"https:\/\/cua.edu.co\/web3\/pages\/faq\/dibujo-y-artes-graficas\/\",\"url\":\"https:\/\/cua.edu.co\/web3\/pages\/faq\/dibujo-y-artes-graficas\/\",\"name\":\"Auxiliar en Dise\u00f1o Gr\u00e1fico - CUA\",\"isPartOf\":{\"@id\":\"https:\/\/cua.edu.co\/web3\/#website\"},\"datePublished\":\"2015-06-04T23:58:08+00:00\",\"dateModified\":\"2018-01-26T16:01:58+00:00\",\"breadcrumb\":{\"@id\":\"https:\/\/cua.edu.co\/web3\/pages\/faq\/dibujo-y-artes-graficas\/#breadcrumb\"},\"inLanguage\":\"es\",\"potentialAction\":[{\"@type\":\"ReadAction\",\"target\":[\"https:\/\/cua.edu.co\/web3\/pages\/faq\/dibujo-y-artes-graficas\/\"]}]},{\"@type\":\"BreadcrumbList\",\"@id\":\"https:\/\/cua.edu.co\/web3\/pages\/faq\/dibujo-y-artes-graficas\/#breadcrumb\",\"itemListElement\":[{\"@type\":\"ListItem\",\"position\":1,\"name\":\"Portada\",\"item\":\"https:\/\/cua.edu.co\/web3\/\"},{\"@type\":\"ListItem\",\"position\":2,\"name\":\"Programas\",\"item\":\"https:\/\/cua.edu.co\/web3\/pages\/\"},{\"@type\":\"ListItem\",\"position\":3,\"name\":\"Comunicaci\u00f3n y Expresi\u00f3n\",\"item\":\"https:\/\/cua.edu.co\/web3\/pages\/faq\/\"},{\"@type\":\"ListItem\",\"position\":4,\"name\":\"Auxiliar en Dise\u00f1o Gr\u00e1fico\"}]},{\"@type\":\"WebSite\",\"@id\":\"https:\/\/cua.edu.co\/web3\/#website\",\"url\":\"https:\/\/cua.edu.co\/web3\/\",\"name\":\"CUA\",\"description\":\"\",\"potentialAction\":[{\"@type\":\"SearchAction\",\"target\":{\"@type\":\"EntryPoint\",\"urlTemplate\":\"https:\/\/cua.edu.co\/web3\/?s={search_term_string}\"},\"query-input\":\"required name=search_term_string\"}],\"inLanguage\":\"es\"}]}<\/script>\n<!-- \/ Yoast SEO plugin. -->","yoast_head_json":{"title":"Auxiliar en Dise\u00f1o Gr\u00e1fico - CUA","robots":{"index":"index","follow":"follow","max-snippet":"max-snippet:-1","max-image-preview":"max-image-preview:large","max-video-preview":"max-video-preview:-1"},"canonical":"https:\/\/cua.edu.co\/web3\/pages\/faq\/dibujo-y-artes-graficas\/","og_locale":"es_ES","og_type":"article","og_title":"Auxiliar en Dise\u00f1o Gr\u00e1fico - CUA","og_description":"[vc_row][vc_column][\/vc_column][\/vc_row][vc_row][vc_column width=\u00bb1\/2&#8243;][vc_empty_space][vc_column_text]Duraci\u00f3n : 18 meses ( 3 niveles ) Certificado que otorga : Certificado de Aptitud Ocupacional de T\u00e9cnico Laboral por Competencias en Auxiliar en Dise\u00f1o Gr\u00e1fico Perfil Ocupacional : Apoya y asiste en lo que se refiere a Dise\u00f1o Gr\u00e1fico y Publicidad, como son presentaci\u00f3n de acabados en piezas gr\u00e1ficas: volantes, vallas, plegables, afiches, [&hellip;]","og_url":"https:\/\/cua.edu.co\/web3\/pages\/faq\/dibujo-y-artes-graficas\/","og_site_name":"CUA","article_modified_time":"2018-01-26T16:01:58+00:00","twitter_card":"summary_large_image","twitter_misc":{"Tiempo de lectura":"1 minuto"},"schema":{"@context":"https:\/\/schema.org","@graph":[{"@type":"WebPage","@id":"https:\/\/cua.edu.co\/web3\/pages\/faq\/dibujo-y-artes-graficas\/","url":"https:\/\/cua.edu.co\/web3\/pages\/faq\/dibujo-y-artes-graficas\/","name":"Auxiliar en Dise\u00f1o Gr\u00e1fico - CUA","isPartOf":{"@id":"https:\/\/cua.edu.co\/web3\/#website"},"datePublished":"2015-06-04T23:58:08+00:00","dateModified":"2018-01-26T16:01:58+00:00","breadcrumb":{"@id":"https:\/\/cua.edu.co\/web3\/pages\/faq\/dibujo-y-artes-graficas\/#breadcrumb"},"inLanguage":"es","potentialAction":[{"@type":"ReadAction","target":["https:\/\/cua.edu.co\/web3\/pages\/faq\/dibujo-y-artes-graficas\/"]}]},{"@type":"BreadcrumbList","@id":"https:\/\/cua.edu.co\/web3\/pages\/faq\/dibujo-y-artes-graficas\/#breadcrumb","itemListElement":[{"@type":"ListItem","position":1,"name":"Portada","item":"https:\/\/cua.edu.co\/web3\/"},{"@type":"ListItem","position":2,"name":"Programas","item":"https:\/\/cua.edu.co\/web3\/pages\/"},{"@type":"ListItem","position":3,"name":"Comunicaci\u00f3n y Expresi\u00f3n","item":"https:\/\/cua.edu.co\/web3\/pages\/faq\/"},{"@type":"ListItem","position":4,"name":"Auxiliar en Dise\u00f1o Gr\u00e1fico"}]},{"@type":"WebSite","@id":"https:\/\/cua.edu.co\/web3\/#website","url":"https:\/\/cua.edu.co\/web3\/","name":"CUA","description":"","potentialAction":[{"@type":"SearchAction","target":{"@type":"EntryPoint","urlTemplate":"https:\/\/cua.edu.co\/web3\/?s={search_term_string}"},"query-input":"required name=search_term_string"}],"inLanguage":"es"}]}},"_links":{"self":[{"href":"https:\/\/cua.edu.co\/web3\/wp-json\/wp\/v2\/pages\/6931"}],"collection":[{"href":"https:\/\/cua.edu.co\/web3\/wp-json\/wp\/v2\/pages"}],"about":[{"href":"https:\/\/cua.edu.co\/web3\/wp-json\/wp\/v2\/types\/page"}],"author":[{"embeddable":true,"href":"https:\/\/cua.edu.co\/web3\/wp-json\/wp\/v2\/users\/1"}],"replies":[{"embeddable":true,"href":"https:\/\/cua.edu.co\/web3\/wp-json\/wp\/v2\/comments?post=6931"}],"version-history":[{"count":15,"href":"https:\/\/cua.edu.co\/web3\/wp-json\/wp\/v2\/pages\/6931\/revisions"}],"predecessor-version":[{"id":8329,"href":"https:\/\/cua.edu.co\/web3\/wp-json\/wp\/v2\/pages\/6931\/revisions\/8329"}],"up":[{"embeddable":true,"href":"https:\/\/cua.edu.co\/web3\/wp-json\/wp\/v2\/pages\/3446"}],"wp:attachment":[{"href":"https:\/\/cua.edu.co\/web3\/wp-json\/wp\/v2\/media?parent=6931"}],"curies":[{"name":"wp","href":"https:\/\/api.w.org\/{rel}","templated":true}]}}