{"id":3446,"date":"2012-11-03T07:44:44","date_gmt":"2012-11-03T07:44:44","guid":{"rendered":"http:\/\/themes.muffingroup.com\/caffeine\/?page_id=3431"},"modified":"2016-06-10T13:44:57","modified_gmt":"2016-06-10T18:44:57","slug":"faq","status":"publish","type":"page","link":"https:\/\/cua.edu.co\/web3\/pages\/faq\/","title":{"rendered":"Comunicaci\u00f3n y Expresi\u00f3n"},"content":{"rendered":"[vc_row][vc_column]<div id=\"ultimate-heading-252069f5a5c72a4a1\" class=\"uvc-heading ult-adjust-bottom-margin ultimate-heading-252069f5a5c72a4a1 uvc-3315 \" data-hspacer=\"no_spacer\"  data-halign=\"center\" style=\"text-align:center\"><div class=\"uvc-heading-spacer no_spacer\" style=\"top\"><\/div><div class=\"uvc-sub-heading ult-responsive\"  data-ultimate-target='.uvc-heading.ultimate-heading-252069f5a5c72a4a1 .uvc-sub-heading '  data-responsive-json-new='{\"font-size\":\"\",\"line-height\":\"\"}'  style=\"font-weight:normal;\">\n<h1 style=\"text-align: center;\"><strong><span style=\"color: #0579ba;\"><img decoding=\"async\" loading=\"lazy\" class=\"alignnone wp-image-8090\" src=\"data:image\/gif;base64,R0lGODdhAQABAPAAAP\/\/\/wAAACwAAAAAAQABAEACAkQBADs=\" data-lazy-src=\"http:\/\/www.cua.edu.co\/web3\/wp-content\/uploads\/2012\/12\/LIsta-icono_azul.png\" alt=\"LIsta-icono_azul\" width=\"35\" height=\"35\" data-lazy-srcset=\"https:\/\/cua.edu.co\/web3\/wp-content\/uploads\/2012\/12\/LIsta-icono_azul-66x66.png 66w, https:\/\/cua.edu.co\/web3\/wp-content\/uploads\/2012\/12\/LIsta-icono_azul-200x200.png 200w, https:\/\/cua.edu.co\/web3\/wp-content\/uploads\/2012\/12\/LIsta-icono_azul.png 256w\" data-lazy-sizes=\"(max-width: 35px) 100vw, 35px\" \/><noscript><img decoding=\"async\" loading=\"lazy\" class=\"alignnone wp-image-8090\" src=\"http:\/\/www.cua.edu.co\/web3\/wp-content\/uploads\/2012\/12\/LIsta-icono_azul.png\" alt=\"LIsta-icono_azul\" width=\"35\" height=\"35\" srcset=\"https:\/\/cua.edu.co\/web3\/wp-content\/uploads\/2012\/12\/LIsta-icono_azul-66x66.png 66w, https:\/\/cua.edu.co\/web3\/wp-content\/uploads\/2012\/12\/LIsta-icono_azul-200x200.png 200w, https:\/\/cua.edu.co\/web3\/wp-content\/uploads\/2012\/12\/LIsta-icono_azul.png 256w\" sizes=\"(max-width: 35px) 100vw, 35px\" \/><\/noscript>\u00a0 Divisi\u00f3n de Comunicaci\u00f3n y Expresi\u00f3n\u00a0<\/span><\/strong><\/h1>\n<\/div><\/div>[rev_slider_vc alias=\u00bbcomex\u00bb][vc_empty_space][\/vc_column][\/vc_row][vc_row][vc_column width=\u00bb2\/3&#8243;][vc_empty_space][vc_column_text]\n<div><\/div>\n<div><\/div>\n<div>\n<p style=\"text-align: justify;\"><span style=\"font-family: 'Arial','sans-serif'; color: #333333;\">Dentro de los sectores considerados como establecidos en el Programa de Transformaci\u00f3n\u00a0<\/span><span style=\"font-family: 'Arial','sans-serif'; color: #333333;\">Productiva,\u00a0<\/span><span style=\"font-family: 'Arial','sans-serif'; color: #333333;\">realizado por el Ministerio de Comercio, Industria y Turismo, se encuentra la industria de la Comunicaci\u00f3n Gr\u00e1fica.<br \/>\nLa <strong>Corporaci\u00f3n Universal de los Andes<\/strong>, pretende brindar al sector productivo de las artes gr\u00e1ficas y la industria de la comunicaci\u00f3n y afines, la posibilidad de incorporar personal con competencia laboral que contribuya al desarrollo econ\u00f3mico, social y tecnol\u00f3gico de la regi\u00f3n.<\/span><\/p>\n<p style=\"text-align: justify;\"><span style=\"font-family: 'Arial','sans-serif'; color: #333333;\">Considerando lo anterior la <strong>Corporaci\u00f3n Universal de los Andes<\/strong> ofrece a sus estudiantes formaci\u00f3n en tecnolog\u00edas para el dise\u00f1o, desarrollo e implementaci\u00f3n de proyectos gr\u00e1ficos y multimediales, incrementando as\u00ed su nivel de competitividad y productividad requerido en el entorno. Se evidencia a nivel nacional la tendencia en la evoluci\u00f3n de los medios, una mayor exigencia en la construcci\u00f3n de los mensajes gr\u00e1ficos y los recursos utilizados para difundir los mismos. Como respuesta a la necesidad del entorno, los programas de la Divisi\u00f3n de Comunicaci\u00f3n y Expresi\u00f3n tienen una estructura curricular interdisciplinaria y flexible, basada en competencias y resultados cuya estrategia es la metodolog\u00eda presencial activa.<\/span><\/p>\n<p style=\"text-align: justify;\"><span style=\"font-family: 'Arial','sans-serif'; color: #333333;\">Permitiendo que el estudiante trabaje en equipo, discuta, argumente y eval\u00fae lo que est\u00e1 aprendiendo y el asesor educativo presenta situaciones lo m\u00e1s cercano posible al contexto productivo donde el estudiante se desarrollar\u00e1. As\u00ed promovemos que el estudiante enfrente problemas con un nivel de dificultad similar al que se encontrar\u00e1 en su pr\u00e1ctica laboral.<\/span><\/p>\n<\/div>\n<div style=\"text-align: justify;\"><\/div>\n[\/vc_column_text][\/vc_column][vc_column width=\u00bb1\/3&#8243;][vc_empty_space][vc_widget_sidebar sidebar_id=\u00bbcs-2&#8243;][\/vc_column][\/vc_row]\n","protected":false},"excerpt":{"rendered":"<p>[vc_row][vc_column][rev_slider_vc alias=\u00bbcomex\u00bb][vc_empty_space][\/vc_column][\/vc_row][vc_row][vc_column width=\u00bb2\/3&#8243;][vc_empty_space][vc_column_text] Dentro de los sectores considerados como establecidos en el Programa de Transformaci\u00f3n\u00a0Productiva,\u00a0realizado por el Ministerio de Comercio, Industria y Turismo, se encuentra la industria de la Comunicaci\u00f3n Gr\u00e1fica. La Corporaci\u00f3n Universal de los Andes, pretende brindar al sector productivo de las artes gr\u00e1ficas y la industria de la comunicaci\u00f3n y afines, la [&hellip;]<\/p>\n","protected":false},"author":1,"featured_media":0,"parent":131,"menu_order":3,"comment_status":"open","ping_status":"closed","template":"","meta":{"_joinchat":[]},"yoast_head":"<!-- This site is optimized with the Yoast SEO plugin v20.3 - https:\/\/yoast.com\/wordpress\/plugins\/seo\/ -->\n<title>Comunicaci\u00f3n y Expresi\u00f3n - CUA<\/title>\n<meta name=\"robots\" content=\"index, follow, max-snippet:-1, max-image-preview:large, max-video-preview:-1\" \/>\n<link rel=\"canonical\" href=\"https:\/\/cua.edu.co\/web3\/pages\/faq\/\" \/>\n<meta property=\"og:locale\" content=\"es_ES\" \/>\n<meta property=\"og:type\" content=\"article\" \/>\n<meta property=\"og:title\" content=\"Comunicaci\u00f3n y Expresi\u00f3n - CUA\" \/>\n<meta property=\"og:description\" content=\"[vc_row][vc_column][rev_slider_vc alias=\u00bbcomex\u00bb][vc_empty_space][\/vc_column][\/vc_row][vc_row][vc_column width=\u00bb2\/3&#8243;][vc_empty_space][vc_column_text] Dentro de los sectores considerados como establecidos en el Programa de Transformaci\u00f3n\u00a0Productiva,\u00a0realizado por el Ministerio de Comercio, Industria y Turismo, se encuentra la industria de la Comunicaci\u00f3n Gr\u00e1fica. La Corporaci\u00f3n Universal de los Andes, pretende brindar al sector productivo de las artes gr\u00e1ficas y la industria de la comunicaci\u00f3n y afines, la [&hellip;]\" \/>\n<meta property=\"og:url\" content=\"https:\/\/cua.edu.co\/web3\/pages\/faq\/\" \/>\n<meta property=\"og:site_name\" content=\"CUA\" \/>\n<meta property=\"article:modified_time\" content=\"2016-06-10T18:44:57+00:00\" \/>\n<meta property=\"og:image\" content=\"http:\/\/www.cua.edu.co\/web3\/wp-content\/uploads\/2012\/12\/LIsta-icono_azul.png\" \/>\n<meta name=\"twitter:card\" content=\"summary_large_image\" \/>\n<meta name=\"twitter:label1\" content=\"Tiempo de lectura\" \/>\n\t<meta name=\"twitter:data1\" content=\"2 minutos\" \/>\n<script type=\"application\/ld+json\" class=\"yoast-schema-graph\">{\"@context\":\"https:\/\/schema.org\",\"@graph\":[{\"@type\":\"WebPage\",\"@id\":\"https:\/\/cua.edu.co\/web3\/pages\/faq\/\",\"url\":\"https:\/\/cua.edu.co\/web3\/pages\/faq\/\",\"name\":\"Comunicaci\u00f3n y Expresi\u00f3n - CUA\",\"isPartOf\":{\"@id\":\"https:\/\/cua.edu.co\/web3\/#website\"},\"datePublished\":\"2012-11-03T07:44:44+00:00\",\"dateModified\":\"2016-06-10T18:44:57+00:00\",\"breadcrumb\":{\"@id\":\"https:\/\/cua.edu.co\/web3\/pages\/faq\/#breadcrumb\"},\"inLanguage\":\"es\",\"potentialAction\":[{\"@type\":\"ReadAction\",\"target\":[\"https:\/\/cua.edu.co\/web3\/pages\/faq\/\"]}]},{\"@type\":\"BreadcrumbList\",\"@id\":\"https:\/\/cua.edu.co\/web3\/pages\/faq\/#breadcrumb\",\"itemListElement\":[{\"@type\":\"ListItem\",\"position\":1,\"name\":\"Portada\",\"item\":\"https:\/\/cua.edu.co\/web3\/\"},{\"@type\":\"ListItem\",\"position\":2,\"name\":\"Programas\",\"item\":\"https:\/\/cua.edu.co\/web3\/pages\/\"},{\"@type\":\"ListItem\",\"position\":3,\"name\":\"Comunicaci\u00f3n y Expresi\u00f3n\"}]},{\"@type\":\"WebSite\",\"@id\":\"https:\/\/cua.edu.co\/web3\/#website\",\"url\":\"https:\/\/cua.edu.co\/web3\/\",\"name\":\"CUA\",\"description\":\"\",\"potentialAction\":[{\"@type\":\"SearchAction\",\"target\":{\"@type\":\"EntryPoint\",\"urlTemplate\":\"https:\/\/cua.edu.co\/web3\/?s={search_term_string}\"},\"query-input\":\"required name=search_term_string\"}],\"inLanguage\":\"es\"}]}<\/script>\n<!-- \/ Yoast SEO plugin. -->","yoast_head_json":{"title":"Comunicaci\u00f3n y Expresi\u00f3n - CUA","robots":{"index":"index","follow":"follow","max-snippet":"max-snippet:-1","max-image-preview":"max-image-preview:large","max-video-preview":"max-video-preview:-1"},"canonical":"https:\/\/cua.edu.co\/web3\/pages\/faq\/","og_locale":"es_ES","og_type":"article","og_title":"Comunicaci\u00f3n y Expresi\u00f3n - CUA","og_description":"[vc_row][vc_column][rev_slider_vc alias=\u00bbcomex\u00bb][vc_empty_space][\/vc_column][\/vc_row][vc_row][vc_column width=\u00bb2\/3&#8243;][vc_empty_space][vc_column_text] Dentro de los sectores considerados como establecidos en el Programa de Transformaci\u00f3n\u00a0Productiva,\u00a0realizado por el Ministerio de Comercio, Industria y Turismo, se encuentra la industria de la Comunicaci\u00f3n Gr\u00e1fica. La Corporaci\u00f3n Universal de los Andes, pretende brindar al sector productivo de las artes gr\u00e1ficas y la industria de la comunicaci\u00f3n y afines, la [&hellip;]","og_url":"https:\/\/cua.edu.co\/web3\/pages\/faq\/","og_site_name":"CUA","article_modified_time":"2016-06-10T18:44:57+00:00","og_image":[{"url":"http:\/\/www.cua.edu.co\/web3\/wp-content\/uploads\/2012\/12\/LIsta-icono_azul.png"}],"twitter_card":"summary_large_image","twitter_misc":{"Tiempo de lectura":"2 minutos"},"schema":{"@context":"https:\/\/schema.org","@graph":[{"@type":"WebPage","@id":"https:\/\/cua.edu.co\/web3\/pages\/faq\/","url":"https:\/\/cua.edu.co\/web3\/pages\/faq\/","name":"Comunicaci\u00f3n y Expresi\u00f3n - CUA","isPartOf":{"@id":"https:\/\/cua.edu.co\/web3\/#website"},"datePublished":"2012-11-03T07:44:44+00:00","dateModified":"2016-06-10T18:44:57+00:00","breadcrumb":{"@id":"https:\/\/cua.edu.co\/web3\/pages\/faq\/#breadcrumb"},"inLanguage":"es","potentialAction":[{"@type":"ReadAction","target":["https:\/\/cua.edu.co\/web3\/pages\/faq\/"]}]},{"@type":"BreadcrumbList","@id":"https:\/\/cua.edu.co\/web3\/pages\/faq\/#breadcrumb","itemListElement":[{"@type":"ListItem","position":1,"name":"Portada","item":"https:\/\/cua.edu.co\/web3\/"},{"@type":"ListItem","position":2,"name":"Programas","item":"https:\/\/cua.edu.co\/web3\/pages\/"},{"@type":"ListItem","position":3,"name":"Comunicaci\u00f3n y Expresi\u00f3n"}]},{"@type":"WebSite","@id":"https:\/\/cua.edu.co\/web3\/#website","url":"https:\/\/cua.edu.co\/web3\/","name":"CUA","description":"","potentialAction":[{"@type":"SearchAction","target":{"@type":"EntryPoint","urlTemplate":"https:\/\/cua.edu.co\/web3\/?s={search_term_string}"},"query-input":"required name=search_term_string"}],"inLanguage":"es"}]}},"_links":{"self":[{"href":"https:\/\/cua.edu.co\/web3\/wp-json\/wp\/v2\/pages\/3446"}],"collection":[{"href":"https:\/\/cua.edu.co\/web3\/wp-json\/wp\/v2\/pages"}],"about":[{"href":"https:\/\/cua.edu.co\/web3\/wp-json\/wp\/v2\/types\/page"}],"author":[{"embeddable":true,"href":"https:\/\/cua.edu.co\/web3\/wp-json\/wp\/v2\/users\/1"}],"replies":[{"embeddable":true,"href":"https:\/\/cua.edu.co\/web3\/wp-json\/wp\/v2\/comments?post=3446"}],"version-history":[{"count":56,"href":"https:\/\/cua.edu.co\/web3\/wp-json\/wp\/v2\/pages\/3446\/revisions"}],"predecessor-version":[{"id":8197,"href":"https:\/\/cua.edu.co\/web3\/wp-json\/wp\/v2\/pages\/3446\/revisions\/8197"}],"up":[{"embeddable":true,"href":"https:\/\/cua.edu.co\/web3\/wp-json\/wp\/v2\/pages\/131"}],"wp:attachment":[{"href":"https:\/\/cua.edu.co\/web3\/wp-json\/wp\/v2\/media?parent=3446"}],"curies":[{"name":"wp","href":"https:\/\/api.w.org\/{rel}","templated":true}]}}

Comunicación y Expresión

[vc_row][vc_column]<div id="ultimate-heading-252069f5a5c72a4a1" class="uvc-heading ult-adjust-bottom-margin ultimate-heading-252069f5a5c72a4a1 uvc-3315 " data-hspacer="no_spacer"  data-halign="center" style="text-align:center"><div class="uvc-heading-spacer no_spacer" style="top"></div><div class="uvc-sub-heading ult-responsive"  data-ultimate-target='.uvc-heading.ultimate-heading-252069f5a5c72a4a1 .uvc-sub-heading '  data-responsive-json-new='{"font-size":"","line-height":""}'  style="font-weight:normal;">
<h1 style="text-align: center;"><strong><span style="color: #0579ba;"><img decoding="async" loading="lazy" class="alignnone wp-image-8090" src="data:image/gif;base64,R0lGODdhAQABAPAAAP///wAAACwAAAAAAQABAEACAkQBADs=" data-lazy-src="http://www.cua.edu.co/web3/wp-content/uploads/2012/12/LIsta-icono_azul.png" alt="LIsta-icono_azul" width="35" height="35" data-lazy-srcset="https://cua.edu.co/web3/wp-content/uploads/2012/12/LIsta-icono_azul-66x66.png 66w, https://cua.edu.co/web3/wp-content/uploads/2012/12/LIsta-icono_azul-200x200.png 200w, https://cua.edu.co/web3/wp-content/uploads/2012/12/LIsta-icono_azul.png 256w" data-lazy-sizes="(max-width: 35px) 100vw, 35px" /><noscript><img decoding="async" loading="lazy" class="alignnone wp-image-8090" src="http://www.cua.edu.co/web3/wp-content/uploads/2012/12/LIsta-icono_azul.png" alt="LIsta-icono_azul" width="35" height="35" srcset="https://cua.edu.co/web3/wp-content/uploads/2012/12/LIsta-icono_azul-66x66.png 66w, https://cua.edu.co/web3/wp-content/uploads/2012/12/LIsta-icono_azul-200x200.png 200w, https://cua.edu.co/web3/wp-content/uploads/2012/12/LIsta-icono_azul.png 256w" sizes="(max-width: 35px) 100vw, 35px" /></noscript>  División de Comunicación y Expresión </span></strong></h1>
</div></div>[rev_slider_vc alias=»comex»][vc_empty_space][/vc_column][/vc_row][vc_row][vc_column width=»2/3&#8243;][vc_empty_space][vc_column_text]
<div></div>
<div></div>
<div>
<p style="text-align: justify;"><span style="font-family: 'Arial','sans-serif'; color: #333333;">Dentro de los sectores considerados como establecidos en el Programa de Transformación </span><span style="font-family: 'Arial','sans-serif'; color: #333333;">Productiva, </span><span style="font-family: 'Arial','sans-serif'; color: #333333;">realizado por el Ministerio de Comercio, Industria y Turismo, se encuentra la industria de la Comunicación Gráfica.<br />
La <strong>Corporación Universal de los Andes</strong>, pretende brindar al sector productivo de las artes gráficas y la industria de la comunicación y afines, la posibilidad de incorporar personal con competencia laboral que contribuya al desarrollo económico, social y tecnológico de la región.</span></p>
<p style="text-align: justify;"><span style="font-family: 'Arial','sans-serif'; color: #333333;">Considerando lo anterior la <strong>Corporación Universal de los Andes</strong> ofrece a sus estudiantes formación en tecnologías para el diseño, desarrollo e implementación de proyectos gráficos y multimediales, incrementando así su nivel de competitividad y productividad requerido en el entorno. Se evidencia a nivel nacional la tendencia en la evolución de los medios, una mayor exigencia en la construcción de los mensajes gráficos y los recursos utilizados para difundir los mismos. Como respuesta a la necesidad del entorno, los programas de la División de Comunicación y Expresión tienen una estructura curricular interdisciplinaria y flexible, basada en competencias y resultados cuya estrategia es la metodología presencial activa.</span></p>
<p style="text-align: justify;"><span style="font-family: 'Arial','sans-serif'; color: #333333;">Permitiendo que el estudiante trabaje en equipo, discuta, argumente y evalúe lo que está aprendiendo y el asesor educativo presenta situaciones lo más cercano posible al contexto productivo donde el estudiante se desarrollará. Así promovemos que el estudiante enfrente problemas con un nivel de dificultad similar al que se encontrará en su práctica laboral.</span></p>
</div>
<div style="text-align: justify;"></div>
[/vc_column_text][/vc_column][vc_column width=»1/3&#8243;][vc_empty_space][vc_widget_sidebar sidebar_id=»cs-2&#8243;][/vc_column][/vc_row]

<p>[vc_row][vc_column][rev_slider_vc alias=»comex»][vc_empty_space][/vc_column][/vc_row][vc_row][vc_column width=»2/3&#8243;][vc_empty_space][vc_column_text] Dentro de los sectores considerados como establecidos en el Programa de Transformación Productiva, realizado por el Ministerio de Comercio, Industria y Turismo, se encuentra la industria de la Comunicación Gráfica. La Corporación Universal de los Andes, pretende brindar al sector productivo de las artes gráficas y la industria de la comunicación y afines, la [&hellip;]</p>

<!-- This site is optimized with the Yoast SEO plugin v20.3 - https://yoast.com/wordpress/plugins/seo/ -->
<title>Comunicación y Expresión - CUA</title>
<meta name="robots" content="index, follow, max-snippet:-1, max-image-preview:large, max-video-preview:-1" />
<link rel="canonical" href="https://cua.edu.co/web3/pages/faq/" />
<meta property="og:locale" content="es_ES" />
<meta property="og:type" content="article" />
<meta property="og:title" content="Comunicación y Expresión - CUA" />
<meta property="og:description" content="[vc_row][vc_column][rev_slider_vc alias=»comex»][vc_empty_space][/vc_column][/vc_row][vc_row][vc_column width=»2/3&#8243;][vc_empty_space][vc_column_text] Dentro de los sectores considerados como establecidos en el Programa de Transformación Productiva, realizado por el Ministerio de Comercio, Industria y Turismo, se encuentra la industria de la Comunicación Gráfica. La Corporación Universal de los Andes, pretende brindar al sector productivo de las artes gráficas y la industria de la comunicación y afines, la [&hellip;]" />
<meta property="og:url" content="https://cua.edu.co/web3/pages/faq/" />
<meta property="og:site_name" content="CUA" />
<meta property="article:modified_time" content="2016-06-10T18:44:57+00:00" />
<meta property="og:image" content="http://www.cua.edu.co/web3/wp-content/uploads/2012/12/LIsta-icono_azul.png" />
<meta name="twitter:card" content="summary_large_image" />
<meta name="twitter:label1" content="Tiempo de lectura" />
	<meta name="twitter:data1" content="2 minutos" />
<script type="application/ld+json" class="yoast-schema-graph">{"@context":"https://schema.org","@graph":[{"@type":"WebPage","@id":"https://cua.edu.co/web3/pages/faq/","url":"https://cua.edu.co/web3/pages/faq/","name":"Comunicación y Expresión - CUA","isPartOf":{"@id":"https://cua.edu.co/web3/#website"},"datePublished":"2012-11-03T07:44:44+00:00","dateModified":"2016-06-10T18:44:57+00:00","breadcrumb":{"@id":"https://cua.edu.co/web3/pages/faq/#breadcrumb"},"inLanguage":"es","potentialAction":[{"@type":"ReadAction","target":["https://cua.edu.co/web3/pages/faq/"]}]},{"@type":"BreadcrumbList","@id":"https://cua.edu.co/web3/pages/faq/#breadcrumb","itemListElement":[{"@type":"ListItem","position":1,"name":"Portada","item":"https://cua.edu.co/web3/"},{"@type":"ListItem","position":2,"name":"Programas","item":"https://cua.edu.co/web3/pages/"},{"@type":"ListItem","position":3,"name":"Comunicación y Expresión"}]},{"@type":"WebSite","@id":"https://cua.edu.co/web3/#website","url":"https://cua.edu.co/web3/","name":"CUA","description":"","potentialAction":[{"@type":"SearchAction","target":{"@type":"EntryPoint","urlTemplate":"https://cua.edu.co/web3/?s={search_term_string}"},"query-input":"required name=search_term_string"}],"inLanguage":"es"}]}</script>
<!-- / Yoast SEO plugin. -->

Comunicación y Expresión - CUA

[vc_row][vc_column][rev_slider_vc alias=»comex»][vc_empty_space][/vc_column][/vc_row][vc_row][vc_column width=»2/3&#8243;][vc_empty_space][vc_column_text] Dentro de los sectores considerados como establecidos en el Programa de Transformación Productiva, realizado por el Ministerio de Comercio, Industria y Turismo, se encuentra la industria de la Comunicación Gráfica. La Corporación Universal de los Andes, pretende brindar al sector productivo de las artes gráficas y la industria de la comunicación y afines, la [&hellip;]
