{"id":1422,"date":"2012-08-01T09:15:43","date_gmt":"2012-08-01T09:15:43","guid":{"rendered":"http:\/\/muffingroup.com\/dev8624\/nando\/?page_id=1422"},"modified":"2016-05-17T20:49:28","modified_gmt":"2016-05-18T01:49:28","slug":"content-builder","status":"publish","type":"page","link":"https:\/\/cua.edu.co\/web3\/page-builder\/content-builder\/","title":{"rendered":"Pol\u00edtica Institucional"},"content":{"rendered":"[vc_row][vc_column width=\u00bb1\/2&#8243;][vc_column_text]\n<p style=\"text-align: justify;\"><span style=\"font-family: 'Arial','sans-serif'; color: #333333;\"><strong>Misi\u00f3n: <\/strong>La instituci\u00f3n est\u00e1 comprometida con la formaci\u00f3n integral de calidad para sus estudiantes desde el ser, el saber, el hacer y el servir, contribuyendo al esp\u00edritu empresarial y al desarrollo social de la regi\u00f3n<strong>.<\/strong><\/span><\/p>\n<p style=\"text-align: justify;\"><span style=\"font-family: 'Arial','sans-serif'; color: #333333;\"><strong>Visi\u00f3n:\u00a0<\/strong>Ser una Instituci\u00f3n Educativa amplia-mente reconocida en la regi\u00f3n por pertinencia y calidad superior de sus programas, elevado nivel humano, esp\u00edritu emprendedor, compromiso y responsabilidad social.<\/span><\/p>\n<p style=\"text-align: justify;\"><span style=\"font-family: 'Arial','sans-serif'; color: #333333;\"><br \/>\n<strong><span style=\"font-family: 'Arial','sans-serif'; color: #333333;\">Valores Institucionales:<\/span><\/strong><\/span><\/p>\n<ul>\n<li><span style=\"font-family: 'Arial','sans-serif'; color: #333333;\">Cooperaci\u00f3n<\/span><\/li>\n<li><span style=\"font-family: 'Arial','sans-serif'; color: #333333;\">Respeto<\/span><\/li>\n<li><span style=\"font-family: 'Arial','sans-serif'; color: #333333;\">Tolerancia<\/span><\/li>\n<\/ul>\n<p>&nbsp;<\/p>\n[\/vc_column_text][\/vc_column][vc_column width=\u00bb1\/2&#8243;][vc_column_text]\n<p style=\"text-align: justify;\"><span style=\"font-family: 'Arial','sans-serif'; color: #333333;\"><strong>Pol\u00edtica de Calidad:<\/strong> La <strong>Corporaci\u00f3n Universal de los Andes<\/strong>, CUA, se\u00a0compromete con el mejoramiento continuo y efectividad\u00a0de los procesos formativos a trav\u00e9s del dise\u00f1o de\u00a0programas de educaci\u00f3n para el trabajo y el desarrollo\u00a0humano,\u00a0 promovido por personal capacitado que orienta\u00a0a la vinculaci\u00f3n de los estudiantes y egresados a los\u00a0sectores econ\u00f3micos en condiciones de competitividad\u00a0a fin de garantizar la satisfacci\u00f3n y expectativas de los\u00a0clientes.<\/span><\/p>\n<p style=\"text-align: justify;\"><span style=\"font-family: 'Arial','sans-serif'; color: #333333;\"><strong>Principios Institucionales:\u00a0<\/strong><\/span><\/p>\n<ul>\n<li><span style=\"font-family: 'Arial','sans-serif'; color: #333333;\">Gesti\u00f3n del Conocimiento<\/span><\/li>\n<li><span style=\"font-family: 'Arial','sans-serif'; color: #333333;\">Protecci\u00f3n al medio ambiente<\/span><\/li>\n<li><span style=\"font-family: 'Arial','sans-serif'; color: #333333;\">Trabajo en equipo<\/span><\/li>\n<li><span style=\"font-family: 'Arial','sans-serif'; color: #333333;\">El bien com\u00fan<\/span><\/li>\n<\/ul>\n[\/vc_column_text][\/vc_column][\/vc_row][vc_row][vc_column][vc_column_text]<img decoding=\"async\" loading=\"lazy\" class=\"alignnone wp-image-7255\" src=\"data:image\/gif;base64,R0lGODdhAQABAPAAAP\/\/\/wAAACwAAAAAAQABAEACAkQBADs=\" data-lazy-src=\"http:\/\/www.cua.edu.co\/web3\/wp-content\/uploads\/2012\/08\/CA-D-01-Mapa-de-procesos.jpg\" alt=\"CA-D-01 Mapa de procesos\" width=\"794\" height=\"596\" data-lazy-srcset=\"https:\/\/cua.edu.co\/web3\/wp-content\/uploads\/2012\/08\/CA-D-01-Mapa-de-procesos-50x38.jpg 50w, https:\/\/cua.edu.co\/web3\/wp-content\/uploads\/2012\/08\/CA-D-01-Mapa-de-procesos-93x70.jpg 93w, https:\/\/cua.edu.co\/web3\/wp-content\/uploads\/2012\/08\/CA-D-01-Mapa-de-procesos-195x146.jpg 195w, https:\/\/cua.edu.co\/web3\/wp-content\/uploads\/2012\/08\/CA-D-01-Mapa-de-procesos-300x225.jpg 300w, https:\/\/cua.edu.co\/web3\/wp-content\/uploads\/2012\/08\/CA-D-01-Mapa-de-procesos-380x285.jpg 380w, https:\/\/cua.edu.co\/web3\/wp-content\/uploads\/2012\/08\/CA-D-01-Mapa-de-procesos.jpg 960w\" data-lazy-sizes=\"(max-width: 794px) 100vw, 794px\" \/><noscript><img decoding=\"async\" loading=\"lazy\" class=\"alignnone wp-image-7255\" src=\"http:\/\/www.cua.edu.co\/web3\/wp-content\/uploads\/2012\/08\/CA-D-01-Mapa-de-procesos.jpg\" alt=\"CA-D-01 Mapa de procesos\" width=\"794\" height=\"596\" srcset=\"https:\/\/cua.edu.co\/web3\/wp-content\/uploads\/2012\/08\/CA-D-01-Mapa-de-procesos-50x38.jpg 50w, https:\/\/cua.edu.co\/web3\/wp-content\/uploads\/2012\/08\/CA-D-01-Mapa-de-procesos-93x70.jpg 93w, https:\/\/cua.edu.co\/web3\/wp-content\/uploads\/2012\/08\/CA-D-01-Mapa-de-procesos-195x146.jpg 195w, https:\/\/cua.edu.co\/web3\/wp-content\/uploads\/2012\/08\/CA-D-01-Mapa-de-procesos-300x225.jpg 300w, https:\/\/cua.edu.co\/web3\/wp-content\/uploads\/2012\/08\/CA-D-01-Mapa-de-procesos-380x285.jpg 380w, https:\/\/cua.edu.co\/web3\/wp-content\/uploads\/2012\/08\/CA-D-01-Mapa-de-procesos.jpg 960w\" sizes=\"(max-width: 794px) 100vw, 794px\" \/><\/noscript>[\/vc_column_text][\/vc_column][\/vc_row]\n","protected":false},"excerpt":{"rendered":"<p>[vc_row][vc_column width=\u00bb1\/2&#8243;][vc_column_text] Misi\u00f3n: La instituci\u00f3n est\u00e1 comprometida con la formaci\u00f3n integral de calidad para sus estudiantes desde el ser, el saber, el hacer y el servir, contribuyendo al esp\u00edritu empresarial y al desarrollo social de la regi\u00f3n. Visi\u00f3n:\u00a0Ser una Instituci\u00f3n Educativa amplia-mente reconocida en la regi\u00f3n por pertinencia y calidad superior de sus programas, elevado [&hellip;]<\/p>\n","protected":false},"author":1,"featured_media":0,"parent":1418,"menu_order":2,"comment_status":"open","ping_status":"closed","template":"","meta":{"_joinchat":[]},"yoast_head":"<!-- This site is optimized with the Yoast SEO plugin v20.3 - https:\/\/yoast.com\/wordpress\/plugins\/seo\/ -->\n<title>Pol\u00edtica Institucional - CUA<\/title>\n<meta name=\"robots\" content=\"index, follow, max-snippet:-1, max-image-preview:large, max-video-preview:-1\" \/>\n<link rel=\"canonical\" href=\"https:\/\/cua.edu.co\/web3\/page-builder\/content-builder\/\" \/>\n<meta property=\"og:locale\" content=\"es_ES\" \/>\n<meta property=\"og:type\" content=\"article\" \/>\n<meta property=\"og:title\" content=\"Pol\u00edtica Institucional - CUA\" \/>\n<meta property=\"og:description\" content=\"[vc_row][vc_column width=\u00bb1\/2&#8243;][vc_column_text] Misi\u00f3n: La instituci\u00f3n est\u00e1 comprometida con la formaci\u00f3n integral de calidad para sus estudiantes desde el ser, el saber, el hacer y el servir, contribuyendo al esp\u00edritu empresarial y al desarrollo social de la regi\u00f3n. Visi\u00f3n:\u00a0Ser una Instituci\u00f3n Educativa amplia-mente reconocida en la regi\u00f3n por pertinencia y calidad superior de sus programas, elevado [&hellip;]\" \/>\n<meta property=\"og:url\" content=\"https:\/\/cua.edu.co\/web3\/page-builder\/content-builder\/\" \/>\n<meta property=\"og:site_name\" content=\"CUA\" \/>\n<meta property=\"article:modified_time\" content=\"2016-05-18T01:49:28+00:00\" \/>\n<meta property=\"og:image\" content=\"http:\/\/www.cua.edu.co\/web3\/wp-content\/uploads\/2012\/08\/CA-D-01-Mapa-de-procesos.jpg\" \/>\n<meta name=\"twitter:card\" content=\"summary_large_image\" \/>\n<meta name=\"twitter:label1\" content=\"Tiempo de lectura\" \/>\n\t<meta name=\"twitter:data1\" content=\"1 minuto\" \/>\n<script type=\"application\/ld+json\" class=\"yoast-schema-graph\">{\"@context\":\"https:\/\/schema.org\",\"@graph\":[{\"@type\":\"WebPage\",\"@id\":\"https:\/\/cua.edu.co\/web3\/page-builder\/content-builder\/\",\"url\":\"https:\/\/cua.edu.co\/web3\/page-builder\/content-builder\/\",\"name\":\"Pol\u00edtica Institucional - CUA\",\"isPartOf\":{\"@id\":\"https:\/\/cua.edu.co\/web3\/#website\"},\"datePublished\":\"2012-08-01T09:15:43+00:00\",\"dateModified\":\"2016-05-18T01:49:28+00:00\",\"breadcrumb\":{\"@id\":\"https:\/\/cua.edu.co\/web3\/page-builder\/content-builder\/#breadcrumb\"},\"inLanguage\":\"es\",\"potentialAction\":[{\"@type\":\"ReadAction\",\"target\":[\"https:\/\/cua.edu.co\/web3\/page-builder\/content-builder\/\"]}]},{\"@type\":\"BreadcrumbList\",\"@id\":\"https:\/\/cua.edu.co\/web3\/page-builder\/content-builder\/#breadcrumb\",\"itemListElement\":[{\"@type\":\"ListItem\",\"position\":1,\"name\":\"Portada\",\"item\":\"https:\/\/cua.edu.co\/web3\/\"},{\"@type\":\"ListItem\",\"position\":2,\"name\":\"La Instituci\u00f3n\",\"item\":\"https:\/\/cua.edu.co\/web3\/page-builder\/\"},{\"@type\":\"ListItem\",\"position\":3,\"name\":\"Pol\u00edtica Institucional\"}]},{\"@type\":\"WebSite\",\"@id\":\"https:\/\/cua.edu.co\/web3\/#website\",\"url\":\"https:\/\/cua.edu.co\/web3\/\",\"name\":\"CUA\",\"description\":\"\",\"potentialAction\":[{\"@type\":\"SearchAction\",\"target\":{\"@type\":\"EntryPoint\",\"urlTemplate\":\"https:\/\/cua.edu.co\/web3\/?s={search_term_string}\"},\"query-input\":\"required name=search_term_string\"}],\"inLanguage\":\"es\"}]}<\/script>\n<!-- \/ Yoast SEO plugin. -->","yoast_head_json":{"title":"Pol\u00edtica Institucional - CUA","robots":{"index":"index","follow":"follow","max-snippet":"max-snippet:-1","max-image-preview":"max-image-preview:large","max-video-preview":"max-video-preview:-1"},"canonical":"https:\/\/cua.edu.co\/web3\/page-builder\/content-builder\/","og_locale":"es_ES","og_type":"article","og_title":"Pol\u00edtica Institucional - CUA","og_description":"[vc_row][vc_column width=\u00bb1\/2&#8243;][vc_column_text] Misi\u00f3n: La instituci\u00f3n est\u00e1 comprometida con la formaci\u00f3n integral de calidad para sus estudiantes desde el ser, el saber, el hacer y el servir, contribuyendo al esp\u00edritu empresarial y al desarrollo social de la regi\u00f3n. Visi\u00f3n:\u00a0Ser una Instituci\u00f3n Educativa amplia-mente reconocida en la regi\u00f3n por pertinencia y calidad superior de sus programas, elevado [&hellip;]","og_url":"https:\/\/cua.edu.co\/web3\/page-builder\/content-builder\/","og_site_name":"CUA","article_modified_time":"2016-05-18T01:49:28+00:00","og_image":[{"url":"http:\/\/www.cua.edu.co\/web3\/wp-content\/uploads\/2012\/08\/CA-D-01-Mapa-de-procesos.jpg"}],"twitter_card":"summary_large_image","twitter_misc":{"Tiempo de lectura":"1 minuto"},"schema":{"@context":"https:\/\/schema.org","@graph":[{"@type":"WebPage","@id":"https:\/\/cua.edu.co\/web3\/page-builder\/content-builder\/","url":"https:\/\/cua.edu.co\/web3\/page-builder\/content-builder\/","name":"Pol\u00edtica Institucional - CUA","isPartOf":{"@id":"https:\/\/cua.edu.co\/web3\/#website"},"datePublished":"2012-08-01T09:15:43+00:00","dateModified":"2016-05-18T01:49:28+00:00","breadcrumb":{"@id":"https:\/\/cua.edu.co\/web3\/page-builder\/content-builder\/#breadcrumb"},"inLanguage":"es","potentialAction":[{"@type":"ReadAction","target":["https:\/\/cua.edu.co\/web3\/page-builder\/content-builder\/"]}]},{"@type":"BreadcrumbList","@id":"https:\/\/cua.edu.co\/web3\/page-builder\/content-builder\/#breadcrumb","itemListElement":[{"@type":"ListItem","position":1,"name":"Portada","item":"https:\/\/cua.edu.co\/web3\/"},{"@type":"ListItem","position":2,"name":"La Instituci\u00f3n","item":"https:\/\/cua.edu.co\/web3\/page-builder\/"},{"@type":"ListItem","position":3,"name":"Pol\u00edtica Institucional"}]},{"@type":"WebSite","@id":"https:\/\/cua.edu.co\/web3\/#website","url":"https:\/\/cua.edu.co\/web3\/","name":"CUA","description":"","potentialAction":[{"@type":"SearchAction","target":{"@type":"EntryPoint","urlTemplate":"https:\/\/cua.edu.co\/web3\/?s={search_term_string}"},"query-input":"required name=search_term_string"}],"inLanguage":"es"}]}},"_links":{"self":[{"href":"https:\/\/cua.edu.co\/web3\/wp-json\/wp\/v2\/pages\/1422"}],"collection":[{"href":"https:\/\/cua.edu.co\/web3\/wp-json\/wp\/v2\/pages"}],"about":[{"href":"https:\/\/cua.edu.co\/web3\/wp-json\/wp\/v2\/types\/page"}],"author":[{"embeddable":true,"href":"https:\/\/cua.edu.co\/web3\/wp-json\/wp\/v2\/users\/1"}],"replies":[{"embeddable":true,"href":"https:\/\/cua.edu.co\/web3\/wp-json\/wp\/v2\/comments?post=1422"}],"version-history":[{"count":22,"href":"https:\/\/cua.edu.co\/web3\/wp-json\/wp\/v2\/pages\/1422\/revisions"}],"predecessor-version":[{"id":7886,"href":"https:\/\/cua.edu.co\/web3\/wp-json\/wp\/v2\/pages\/1422\/revisions\/7886"}],"up":[{"embeddable":true,"href":"https:\/\/cua.edu.co\/web3\/wp-json\/wp\/v2\/pages\/1418"}],"wp:attachment":[{"href":"https:\/\/cua.edu.co\/web3\/wp-json\/wp\/v2\/media?parent=1422"}],"curies":[{"name":"wp","href":"https:\/\/api.w.org\/{rel}","templated":true}]}}